22
What is the remainder when 6680 is divided by 12?
8
Calculate the remainder when 943 is divided by 22.
19
What is the remainder when 307 is divided by 86?
49
Calculate the remainder when 127 is divided by 10.
7
Calculate the remainder when 3218 is divided by 34.
22
What is the remainder when 138 is divided by 79?
59
Calculate the remainder when 7170 is divided by 69.
63
What is the remainder when 6660 is divided by 1665?
0
Calculate the remainder when 399 is divided by 200.
199
What is the remainder when 2003 is divided by 6?
5
Calculate the remainder when 255 is divided by 74.
33
What is the remainder when 2174 is divided by 75?
74
Calculate the remainder when 7486 is divided by 144.
142
What is the remainder when 191 is divided by 50?
41
What is the remainder when 612 is divided by 116?
32
What is the remainder when 691 is divided by 174?
169
Calculate the remainder when 87 is divided by 13.
9
Calculate the remainder when 23 is divided by 3.
2
Calculate the remainder when 43 is divided by 15.
13
What is the remainder when 373 is divided by 81?
49
What is the remainder when 2826 is divided by 235?
6
What is the remainder when 947 is divided by 196?
163
What is the remainder when 4662 is divided by 1164?
6
Calculate the remainder when 84 is divided by 44.
40
Calculate the remainder when 945 is divided by 462.
21
Calculate the remainder when 30 is divided by 7.
2
What is the remainder when 94 is divided by 4?
2
Calculate the remainder when 203 is divided by 130.
73
What is the remainder when 11348 is divided by 9?
8
Calculate the remainder when 274 is divided by 12.
10
Calculate the remainder when 106269 is divided by 96.
93
What is the remainder when 1429 is divided by 8?
5
Calculate the remainder when 614 is divided by 91.
68
What is the remainder when 2132 is divided by 55?
42
What is the remainder when 34 is divided by 13?
8
Calculate the remainder when 455 is divided by 213.
29
Calculate the remainder when 311 is divided by 86.
53
What is the remainder when 4584 is divided by 13?
8
What is the remainder when 769 is divided by 35?
34
Calculate the remainder when 1096 is divided by 61.
59
Calculate the remainder when 269 is divided by 91.
87
Calculate the remainder when 372 is divided by 214.
158
Calculate the remainder when 620 is divided by 78.
74
Calculate the remainder when 96 is divided by 9.
6
What is the remainder when 153 is divided by 13?
10
Calculate the remainder when 238 is divided by 11.
7
Calculate the remainder when 691 is divided by 121.
86
Calculate the remainder when 148 is divided by 78.
70
What is the remainder when 614 is divided by 3?
2
What is the remainder when 255 is divided by 129?
126
What is the remainder when 6381 is divided by 14?
11
What is the remainder when 959 is divided by 69?
62
What is the remainder when 89 is divided by 16?
9
What is the remainder when 72 is divided by 14?
2
What is the remainder when 291 is divided by 60?
51
What is the remainder when 6622 is divided by 46?
44
What is the remainder when 35587 is divided by 28?
27
Calculate the remainder when 416 is divided by 12.
8
Calculate the remainder when 81548 is divided by 25.
23
Calculate the remainder when 509 is divided by 9.
5
What is the remainder when 769 is divided by 5?
4
Calculate the remainder when 494 is divided by 101.
90
What is the remainder when 383 is divided by 7?
5
What is the remainder when 738 is divided by 39?
36
Calculate the remainder when 391 is divided by 189.
13
Calculate the remainder when 137 is divided by 20.
17
What is the remainder when 1808 is divided by 253?
37
What is the remainder when 221 is divided by 40?
21
What is the remainder when 2397 is divided by 32?
29
Calculate the remainder when 7030 is divided by 153.
145
Calculate the remainder when 125 is divided by 64.
61
What is the remainder when 584 is divided by 83?
3
Calculate the remainder when 1199 is divided by 60.
59
What is the remainder when 76 is divided by 31?
14
Calculate the remainder when 138 is divided by 48.
42
Calculate the remainder when 129 is divided by 27.
21
What is the remainder when 145 is divided by 38?
31
Calculate the remainder when 788 is divided by 478.
310
What is the remainder when 158 is divided by 20?
18
Calculate the remainder when 10871 is divided by 85.
76
Calculate the remainder when 499 is divided by 10.
9
Calculate the remainder when 495 is divided by 6.
3
What is the remainder when 507 is divided by 47?
37
What is the remainder when 5168 is divided by 397?
7
What is the remainder when 2721 is divided by 25?
21
What is the remainder when 1487 is divided by 16?
15
Calculate the remainder when 544 is divided by 19.
12
What is the remainder when 214 is divided by 160?
54
What is the remainder when 116 is divided by 20?
16
What is the remainder when 25 is divided by 17?
8
What is the remainder when 14611 is divided by 126?
121
Calculate the remainder when 299 is divided by 10.
9
Calculate the remainder when 269 is divided by 12.
5
Calculate the remainder when 1377 is divided by 30.
27
Calculate the remainder when 51 is divided by 27.
24
Calculate the remainder when 27 is divided by 21.
6
Calculate the remainder when 3768 is divided by 65.
63
Calculate the remainder when 906 is divided by 96.
42
What is the remainder when 25122 is divided by 201?
198
What is the remainder when 1282 is divided by 164?
134
What is the remainder when 121 is divided by 42?
37
Calculate the remainder when 414 is divided by 11.
7
What is the remainder when 13701 is divided by 89?
84
What is the remainder when 3817 is divided by 10?
7
What is the remainder when 88 is divided by 26?
10
What is the remainder when 360 is divided by 124?
112
What is the remainder when 9913 is divided by 148?
145
What is the remainder when 237 is divided by 27?
21
What is the remainder when 121 is divided by 41?
39
What is the remainder when 2186 is divided by 82?
54
Calculate the remainder when 164 is divided by 22.
10
What is the remainder when 175 is divided by 29?
1
What is the remainder when 439 is divided by 55?
54
Calculate the remainder when 1947 is divided by 4.
3
Calculate the remainder when 143 is divided by 25.
18
What is the remainder when 4385 is divided by 17?
16
Calculate the remainder when 238 is divided by 125.
113
Calculate the remainder when 431 is divided by 28.
11
What is the remainder when 2222 is divided by 19?
18
Calculate the remainder when 117 is divided by 46.
25
What is the remainder when 307 is divided by 116?
75
What is the remainder when 146 is divided by 17?
10
Calculate the remainder when 524 is divided by 76.
68
Calculate the remainder when 306 is divided by 5.
1
Calculate the remainder when 111 is divided by 34.
9
What is the remainder when 223 is divided by 66?
25
What is the remainder when 125 is divided by 53?
19
What is the remainder when 41 is divided by 38?
3
What is the remainder when 38 is divided by 6?
2
Calculate the remainder when 255 is divided by 83.
6
What is the remainder when 591 is divided by 124?
95
Calculate the remainder when 98 is divided by 96.
2
What is the remainder when 343 is divided by 70?
63
What is the remainder when 20 is divided by 5?
0
What is the remainder when 237 is divided by 40?
37
What is the remainder when 1174 is divided by 288?
22
What is the remainder when 135 is divided by 35?
30
What is the remainder when 235 is divided by 119?
116
What is the remainder when 115 is divided by 2?
1
Calculate the remainder when 132 is divided by 37.
21
What is the remainder when 73 is divided by 25?
23
What is the remainder when 81 is divided by 52?
29
What is the remainder when 1196 is divided by 200?
196
What is the remainder when 3365 is divided by 1675?
15
What is the remainder when 325 is divided by 48?
37
Calculate the remainder when 2026 is divided by 203.
199
Calculate the remainder when 11879 is divided by 54.
53
Calculate the remainder when 747 is divided by 50.
47
What is the remainder when 2580 is divided by 68?
64
Calculate the remainder when 4996 is divided by 20.
16
Calculate the remainder when 307 is divided by 24.
19
What is the remainder when 359 is divided by 40?
39
What is the remainder when 9672 is divided by 387?
384
What is the remainder when 305 is divided by 14?
11
What is the rem